In base 9, what is -2 - 126?
-128
In base 6, what is -30 + -30?
-100
In base 11, what is -24 - -3?
-21
In base 13, what is -163 + -3?
-166
In base 7, what is 1133 + 20?
1153
In base 4, what is -30 - -2012?
1322
In base 14, what is -9b + -4?
-a1
In base 13, what is 210 + -2?
20b
In base 7, what is 1 - 13620?
-13616
In base 4, what is 11 - -333?
1010
In base 11, what is -1a0 - -1a?
-181
In base 9, what is 870 + 6?
876
In base 9, what is -1 - 1600?
-1601
In base 4, what is 10 + -1321?
-1311
In base 10, what is -89 + 0?
-89
In base 3, what is -1001020 - 2?
-1001022
In base 2, what is -11010100100 + 0?
-11010100100
In base 12, what is -58 + -6?
-62
In base 10, what is -282 - -48?
-234
In base 6, what is 1 - 1544?
-1543
In base 6, what is -3 + 1032?
1025
In base 8, what is 126 - -5?
133
In base 5, what is 3 - -403?
411
In base 11, what is 3 - -9?
11
In base 11, what is -8 + 6?
-2
In base 5, what is -111 - 20?
-131
In base 5, what is 124 + -22?
102
In base 5, what is 22 - 301?
-224
In base 8, what is -305 - 0?
-305
In base 4, what is -21 + -233?
-320
In base 15, what is -2 + -189?
-18b
In base 8, what is 51265 - 2?
51263
In base 7, what is -2 + -21?
-23
In base 7, what is 11 + 24?
35
In base 15, what is 1ce - 6?
1c8
In base 15, what is -e10 + 4?
-e0b
In base 5, what is 10200 + -10?
10140
In base 13, what is -18 + -4?
-1c
In base 4, what is -1 + 3303?
3302
In base 4, what is 3 - -1331?
2000
In base 11, what is -10 - a?
-1a
In base 4, what is 1123 + -1200?
-11
In base 13, what is 0 + 1944?
1944
In base 14, what is -473 + -4?
-477
In base 13, what is 2 + -196?
-194
In base 13, what is -117a + 4?
-1176
In base 2, what is 1100 + -1101010?
-1011110
In base 16, what is -e + 43b?
42d
In base 13, what is -588 - 1?
-589
In base 11, what is 2 + 224?
226
In base 15, what is -1 + 1aa?
1a9
In base 11, what is -4 + -674?
-678
In base 8, what is 2105 - -3?
2110
In base 3, what is 222 - 22?
200
In base 5, what is -1 - 2023?
-2024
In base 14, what is -a9 - 1?
-aa
In base 16, what is 2 - -37?
39
In base 12, what is -1 + -43?
-44
In base 2, what is -100111001 - -101?
-100110100
In base 9, what is -7536 + 2?
-7534
In base 2, what is 0 + -101010?
-101010
In base 6, what is -1004 - -2?
-1002
In base 5, what is 0 - 1042?
-1042
In base 13, what is b - 562?
-554
In base 2, what is -1 + 10001?
10000
In base 2, what is 1001111 + -1000000?
1111
In base 16, what is -1 - -aa?
a9
In base 5, what is 333 - 1324?
-441
In base 2, what is -110 + 11100?
10110
In base 12, what is -1 - -3194?
3193
In base 13, what is -5 - 7?
-c
In base 14, what is -5 - -4d?
48
In base 14, what is 4 - -14?
18
In base 3, what is -101021 - -11?
-101010
In base 4, what is 12232 - 3?
12223
In base 12, what is 75b - 0?
75b
In base 7, what is 4 - 131?
-124
In base 14, what is -106 + -2?
-108
In base 16, what is -74 + 36?
-3e
In base 4, what is 1131310 - 10?
1131300
In base 13, what is 2 + 2b6?
2b8
In base 2, what is 100 + 1000010?
1000110
In base 7, what is -30 - -14?
-13
In base 15, what is -16 - -12?
-4
In base 8, what is -74 + -1?
-75
In base 10, what is 8 + -3?
5
In base 16, what is -4 + 686?
682
In base 8, what is 55 - -6?
63
In base 16, what is 4 + -2d8?
-2d4
In base 11, what is 48a - 1?
489
In base 4, what is 3 + 202213?
202222
In base 5, what is -2 + 3144?
3142
In base 4, what is 301300 - -3?
301303
In base 14, what is 52 + 59?
ab
In base 10, what is 29 + 80?
109
In base 7, what is -406 - 0?
-406
In base 14, what is 19 - -cd?
108
In base 11, what is 892 - -5?
897
In base 7, what is 113 + 5?
121
In base 6, what is -23032 + -1?
-23033
In base 3, what is 11201002 - 1?
11201001
In base 4, what is -21331 + -12?
-22003
In base 5, what is 1342 - -22?
1414
In base 5, what is -421 - 13?
-434
In base 13, what is 344 + -3?
341
In base 11, what is -6 - 8?
-13
In base 6, what is 13 + -225?
-212
In base 5, what is -2 - -1210?
1203
In base 5, what is 0 + -3344?
-3344
In base 12, what is -36 + 9?
-29
In base 2, what is -11 - -110111?
110100
In base 10, what is -4 - -38?
34
In base 8, what is 411 + 4?
415
In base 6, what is -3 + -1143?
-1150
In base 16, what is -2 - 7ee?
-7f0
In base 10, what is -25 - 19?
-44
In base 14, what is 0 - 4?
-4
In base 10, what is 32168 - 2?
32166
In base 14, what is 4 - -102?
106
In base 16, what is -2 - -13b9?
13b7
In base 11, what is 4 + 296?
29a
In base 4, what is -1001 - 3?
-1010
In base 7, what is 3 + -126?
-123
In base 14, what is -14 - -19?
5
In base 8, what is -352 - -202?
-150
In base 9, what is 1356 - 6?
1350
In base 5, what is -12 + -242?
-304
In base 2, what is 100100111 - 0?
100100111
In base 14, what is -129 - 3?
-12c
In base 10, what is 1 - -116?
117
In base 3, what is -12 - -11122?
11110
In base 9, what is -86 + 47?
-38
In base 8, what is 127 - 215?
-66
In base 11, what is 430 - 4?
427
In base 6, what is 4112 + -1?
4111
In base 12, what is 2 + 46?
48
In base 7, what is 10 - -25?
35
In base 15, what is -eb - -4?
-e7
In base 7, what is -6 + 3452?
3443
In base 15, what is -853 - -1?
-852
In base 6, what is 5 - -252?
301
In base 3, what is 12 - -12?
101
In base 9, what is -3 - -3826?
3823
In base 5, what is -2 + -2124?
-2131
In base 4, what is 32 - -12?
110
In base 12, what is 1 - 26?
-25
In base 13, what is 5 - 16?
-11
In base 15, what is -49 + -42?
-8b
In base 7, what is -46 - -346?
300
In base 13, what is 10 - 109?
-c9
In base 4, what is -3 - 320?
-323
In base 5, what is -2 - 121?
-123
In base 5, what is 220 + 12?
232
In base 2, what is 10 + 101?
111
In base 8, what is -6 - -44?
36
In base 4, what is -2123 - 1?
-2130
In base 11, what is 1 - -1?
2
In base 2, what is -100 + -1000001?
-1000101
In base 3, what is 1010212021 + -12?
1010212002
In base 12, what is 5 - -62?
67
In base 16, what is -126b + 0?
-126b
In base 7, what is 665 + -2?
663
In base 15, what is 1 + -34?
-33
In base 2, what is -100111101010 - -101?
-100111100101
In base 12, what is 96 + -3?
93
In base 7, what is -130 + 15?
-112
In base 10, what is -5471 + 3?
-5468
In base 10, what is 3 - -58?
61
In base 15, what is -61b + 3?
-618
In base 9, what is -8 + 128?
120
In base 10, what is -3720 - -1?
-3719
In base 5, what is -3244 + -214?
-4013
In base 9, what is 4 + 3?
7
In base 2, what is 111110111000 - 11?
111110110101
In base 5, what is 3 - -231?
234
In base 8, what is -1 + 2416?
2415
In base 2, what is -110100100 + -11?
-110100111
In base 15, what is -1 + -c2?
-c3
In base 11, what is 33 - -15?
48
In base 16, what is -1 + -4?
-5
In base 6, what is 20 - -4?
24
In base 7, what is 2104 - -2?
2106
In base 14, what is 0 - -50?
50
In base 5, what is 3132 - -11?
3143
In base 15, what is -34 - -3?
-31
In base 13, what is 476 - -1?
477
In base 6, what is -1 - -201?
200
In base 12, what is a31 + 5?
a36
In base 12, what is 2 + 550?
552
In base 6, what is 240 + 203?
443
In base 4, what is 2 + -233?
-231
In base 3, what is -222012 + -1?
-222020
In base 16, what is 310d + 5?
3112
In base 7, what is 4 - 354?
-350
In base 16, what is 1 + 754?
755
In base 13, what is 1c + -2c6?
-2a7
In base 9, what is -20 + -1053?
-1073
In base 6, what is 2311 + -5?
2302
In base 9, what is 64 + -5?
58
In base 16, what is b5 + 4?
b9
In base 11, what is -9 - 45?
-53
In base 10, what is -5298 + 1?
-5297
In base 13, what is -2c0 + 3?
-2ba
In base 13, what is 6 + b5?
bb
In base 12, what is 1078 + -2?
1076
In base 16, what is 9 - 57?
-4e
In base 7, what is 131 - 16?
112
In base 13, what is -2824 - -3?
-2821
In base 4, what is -303 - 120?
-1023
In base 3, what is 12 - 211?
-122
In base 12, what is 9 - 118?
-10b
In base 3, what is 1100 + -20122?
-12022
In base 2, what is 101101101101 + -1?
101101101100
In base 5, what is 124 - -24?
203
In base 8, what is 10454 + 3?
10457
In base 13, what is -2ac - -1?
-2ab
In base 11, what is 0 + 62?
62
In base 11, what is 5 - 81?
-77
In base 13, what is -5 - -1a?
15
In base 16, what is -4e - 2?
-50
In base 15, what is -d - 4?
-12
In base 10, what is -2 + -237?
-239
In base 13, what is 429 - 0?
429
In base 5, what is 14 + -1004?
-440
In base 2, what is 100 - 10011101?
-10011001
In base 5, what is -10 - -3204?
3144
In base 14, what is -469 + 4?
-465
In base 15, what is -1c - 2e?
-4b
In base 7, what is 521 - -2?
523
In base 4, what is 13111 - 11?
13100
In base 2, what is -101011110 + -10?
-101100000
In base 14, what is -5 - 